e highest common factor of 57 and h.
3
Suppose -435*s + 166140 = -364*s. What is the greatest common factor of s and 24?
12
Suppose 3*a + 3*k = -243, -a = -5*k + 33 + 66. Let j = -60 - a. Let g be (16/(-6) - -3)*36. Calculate the highest common factor of g and j.
12
Suppose -6*c = -11*c + 330. Suppose -b = c - 2. Let w = b - -104. Calculate the greatest common factor of w and 160.
40
Suppose 0 = u - 38 - 32. Let b be 400 + -421 - 126/(-2). What is the highest common divisor of b and u?
14
Suppose 4*w - n - 621 = -488, 2*w + 3*n = 35. Suppose 3*l = 5*o + 206, 5*o - 159 - 131 = -5*l. What is the highest common divisor of l and w?
31
Let y(g) = -33*g + 11. Let x be y(-11). Let u(b) = -16*b + 3. Let f be u(-3). Calculate the highest common factor of f and x.
17
Let y(t) = -t - 1. Let v be y(-4). Suppose 0 = -9*q + 107 + 325. Suppose 5*s - q = -3*d, -4 = 3*d - 7. What is the highest common divisor of v and s?
3
Suppose -11*n + 193 - 5 = -54. Let m(b) = -b**3 - b**2 + 5*b + 3. Let h be m(-3). What is the greatest common factor of n and h?
2
Suppose 943*b - 216 = 935*b. What is the greatest common factor of 23994 and b?
9
Let w = 1886 + -1834. Calculate the highest common divisor of w and 3.
1
Suppose -165*k + 8 = -164*k. Suppose 45 = k*d - 435. Calculate the highest common factor of 24 and d.
12
Suppose -22 + 37 = 5*c. Suppose -5*l + c*v = -295, -v + 78 = l + 27. Calculate the highest common factor of 7 and l.
7
Suppose -15*z - 5*a + 82740 = -13*z, 165544 = 4*z - 6*a. What is the greatest common divisor of z and 20?
20
Let x(g) be the third derivative of -g**4/12 + 53*g**3/6 + 7*g**2 + 2*g. Let h be x(12). What is the highest common divisor of h and 145?
29
Suppose 0 = 4*m - 2*m - 6. Suppose -304 = -11*f + m*f. Let o be ((-6)/(-12))/(1/f). Calculate the greatest common factor of 209 and o.
19
Let q(d) = -458*d - 2287. Let n be q(-8). What is the greatest common divisor of n and 621?
27
Let f = 20150 - 19702. What is the greatest common divisor of f and 217?
7
Let t be (-4)/16 + (-1033)/(-4). Suppose -5*z + 42 = -t. Calculate the highest common factor of 36 and z.
12
Suppose 17*s = -2*s + 21400 - 18759. Calculate the greatest common factor of 36557 and s.
139
Suppose 2*l + 158928 = 4*n, -57648 - 101274 = -4*n + l. What is the highest common factor of n and 41?
41
Suppose -109 = -3*u + 5*x - 19, -2*u = 2*x - 28. Let m be ((-4)/5)/((-2)/5). Suppose 0*o + 240 = m*o. Calculate the highest common divisor of o and u.
20
Let o(x) = x**3 + 6*x**2 - 64*x - 369. Let n be o(-8). Suppose -2*t + 53 = 3*b, -2*b - 73 = -3*t - 0*b. What is the greatest common divisor of n and t?
5
Suppose -21*n = -117*n + 240576. What is the greatest common factor of n and 14?
14
Let l(b) = -b**3 - 16*b**2 + 16*b - 9. Let u(p) = -p**3 - 8*p**2 - 10*p + 6. Let t be u(-4). Let w be l(t). What is the greatest common divisor of 27 and w?
27
Let m be ((-8)/(-72)*0)/2. Suppose m = 3*j + 2*v - 267, -5*j + j + 339 = -3*v. Calculate the highest common divisor of 203 and j.
29
Let s be (-95)/(-15) - 8/(-12). Suppose -145 = -12*o + s*o + 5*h, 4*o + 3*h = 137. What is the greatest common divisor of o and 256?
32
Let h(n) = n**3 + 35*n**2 - 294*n + 13. Let b be h(-42). Calculate the highest common factor of 4771 and b.
13
Suppose -1 = 2*h - 5. Let b be (h + 0)/(12 + -13). Let i be (-10)/(6 + b + -5). Calculate the greatest common factor of 20 and i.
10
Let u(h) = 13*h**2 - h - 3. Let k be u(6). Let s be k/(-54)*(-20)/(0 + 1). What is the highest common factor of 30 and s?
10
Let i be 84*((-273)/(-28) + -2). Suppose -5*y = 3*h - i, -9*y - 2*h = -5*y - 522. Calculate the greatest common divisor of 176 and y.
44
Let t = 4 + -2. Suppose 2*q + 3*w + 130 = 135, q + 1 = -5*w. Suppose -q*i + t*a = -38, -5*i - 5*a + 32 = -8. Calculate the highest common factor of 99 and i.
9
Let y = -4 - 11. Let c(w) = -w - 25. Let b be c(y). Let g = -5 - b. Calculate the greatest common factor of 20 and g.
5
Let d = -2833 + 2844. What is the highest common divisor of d and 176?
11
Let d = -21633 + 21893. Calculate the highest common factor of 580 and d.
20
Let h = 142 - 92. Suppose h*v = 52*v - 54. Suppose v = -2*x + 55. What is the highest common factor of x and 35?
7
Let u(k) = 83*k - 654. Let t be u(8). Calculate the greatest common factor of 445 and t.
5
Let r = 67 - 43. Suppose 0 = -2*q + 3*q + 5*t - 4, -3*q = -3*t - 12. Suppose 0*h + 1 = -h, 4*i + q*h = 28. What is the highest common divisor of r and i?
8
Let n = 18 + -11. Suppose -8*w = -4*p - 9*w + 93, 0 = 3*w - 3. Suppose x - n = p. What is the highest common divisor of 150 and x?
30
Suppose 5680 = w - 5*x, -23*w - 22741 = -27*w - x. What is the greatest common divisor of 60 and w?
15
Let x be 16/(-160) - 4/((-40)/101). Let m be 2/(x/(-29))*-10 - 5. Calculate the greatest common factor of m and 212.
53
Suppose -3*f = w - 4092 + 251, f - 3*w = 1277. Let y(b) = 6*b**2 + 4*b - 2. Let m be y(3). What is the highest common divisor of m and f?
64
Let m(v) = 25*v**2 - 2*v - 64. Let z be m(-10). Suppose -2*u = 4*d - z, 14 = -u + 10. What is the highest common divisor of d and 56?
56
Let k be (-32)/112 - 757/(-7)*2. Let f = -370 - -397. What is the greatest common factor of k and f?
27
Let u = -96 + 97. Suppose -3*h = -3*x + 66, x - 5*h = 33 + u. What is the highest common divisor of x and 209?
19
Suppose 6*b = 30 + 3144. Suppose -14*p + 12*p = -5*q + b, q = -3*p + 99. What is the highest common factor of q and 280?
35
Let k be (1 - 8)*168/(-98). Let z = -121 + 205. Calculate the highest common factor of k and z.
12
Let b(t) = -t**3 - 11*t**2 + 27. Let n be b(-12). Suppose -265 = -3*u - 5*y, 5*y - n = -4*u + 184. Calculate the highest common divisor of 36 and u.
18
Let m(i) = 71*i**2 + 52*i - 24. Let y be m(2). Calculate the greatest common divisor of y and 10374.
182
Let h(i) = -23*i - 28. Let d be h(-6). Let v = d + -67. Suppose -2*m + v = 15. Calculate the greatest common divisor of m and 56.
14
Let o be 1308/60*75/5. What is the greatest common factor of o and 45453?
327
Suppose 9*o + 66*o = 6300. Let s be 2/(-3) - (22192/12)/(-2). Calculate the highest common factor of s and o.
84
Suppose -4*a - 236 = -4*t, 0 = -3*t - a - 11 + 220. Calculate the greatest common divisor of 1 and t.
1
Suppose 17*u - 33*u + 94544 = 0. What is the highest common factor of u and 19?
19
Let z be (-25)/10 + 142/(-4). Let k = -30 - z. Let y = -40 + 48. What is the greatest common divisor of k and y?
8
Let y(l) = l**3 + 22*l**2 + 19*l - 14. Let a = 140 - 161. Let t be y(a). Calculate the highest common factor of t and 154.
14
Suppose -c = -5*l + 65248, 34*l + 3*c = 35*l - 13030. What is the greatest common factor of 31 and l?
31
Let h(b) = -b**3 + 14*b**2 - 28*b + 5. Let c be h(-17). Calculate the highest common factor of c and 64.
32
Suppose 5*r - 59 - 196 = -5*m, -4*m + 201 = 3*r. What is the highest common factor of 3552 and m?
48
Let p(t) = -t**3 + 2*t**2 + 7*t + 6. Let j be (-69)/23*(2 + -1). Let n be p(j). What is the greatest common divisor of n and 12?
6
Suppose 2*t + 5*g - 3318 = -2*t, 3332 = 4*t - 2*g. What is the highest common factor of 224 and t?
32
Suppose -8*w + 117 = 69. Let p be (w/(-10))/((-2)/550). Calculate the greatest common divisor of 11 and p.
11
Let l = 2000 - 1980. What is the greatest common divisor of l and 1010?
10
Suppose -24*m - 155 + 359 + 156 = 0. Calculate the greatest common divisor of 4335 and m.
15
Let g = -11811 - -11832. Calculate the greatest common factor of 109 and g.
1
Suppose 21*m = 3*g + 18*m - 39, -5*g - 2*m + 86 = 0. What is the greatest common divisor of 728 and g?
8
Suppose -2 = -g + u, 3*u - 4*u = -3*g + 8. Suppose 2*h - 3*h - g*m + 63 = 0, m = -2*h + 121. Calculate the highest common divisor of h and 96.
12
Suppose -f - 177 = -236. Suppose -4*s + 5*q = -238, 2*s = s + q + f. Calculate the highest common factor of s and 1311.
57
Suppose w = -o + 16, -4*w = -o + 2 - 1. Let j be (-4 + o)*(13 + -2). Calculate the highest common divisor of 33 and j.
33
Suppose 0*t + 3*d + 25 = 2*t, 3*t = -3*d + 15. Suppose 0 = t*u - 3*u - 165. Suppose u + 119 = b. Calculate the greatest common divisor of b and 19.
19
Let b = -276 - -96. Let w be ((-504)/b)/(38/(-40) - -1). What is the greatest common divisor of 14 and w?
14
Let t = 2491 - 2181. What is the 